{"id":434,"date":"2018-05-09T07:38:39","date_gmt":"2018-05-09T06:38:39","guid":{"rendered":"http:\/\/hofherrm.de\/feldbahn\/?page_id=434"},"modified":"2018-05-09T07:38:39","modified_gmt":"2018-05-09T06:38:39","slug":"gaestebuch","status":"publish","type":"page","link":"http:\/\/hofherrm.de\/feldbahn\/?page_id=434","title":{"rendered":"G\u00e4stebuch"},"content":{"rendered":"<div class=\"gwolle-gb\"><div class=\"gwolle-gb-messages-top-container\"><\/div>\n\t\t\t<div class=\"gwolle-gb-write-button\">\n\t\t\t\t<input type=\"button\" name=\"gwolle-gb-write-button\" class=\"button btn btn-default \" value=\"Neuen Eintrag schreiben\" aria-expanded=\"false\" \/>\n\t\t\t<\/div>\n\t\t\t<form action=\"#\" method=\"POST\" class=\"gwolle-gb-write gwolle-gb-hide gwolle-gb-float gwolle-gb-form-ajax gwolle-gb-ajax gwolle-gb-not-logged-in\">\n\t\t\t\t<h3>Einen neuen Eintrag f\u00fcr das G\u00e4stebuch schreiben<\/h3>\n\t\t\t\t<button type=\"button\" class=\"gb-notice-dismiss\">x<span class=\"screen-reader-text\">Dieses Formular ausblenden<\/span><\/button>\n\t\t\t\n\t\t\t\t<input type=\"hidden\" name=\"gwolle_gb_function\" class=\"gwolle_gb_function\" value=\"add_entry\" \/><input type=\"hidden\" name=\"gwolle_gb_book_id\" class=\"gwolle_gb_book_id\" value=\"1\" \/><div class=\"gwolle_gb_ee38ff4bf55f01b3e251baebb5c8a1dc\">\n\t\t\t\t<div class=\"label\"><label for=\"gwolle_gb_ee38ff4bf55f01b3e251baebb5c8a1dc-1\" class=\"text-info\">Name <span class=\"required\">*<\/span><\/label><\/div>\n\t\t\t\t<div class=\"input\"><input class=\"wp-exclude-emoji gwolle_gb_ee38ff4bf55f01b3e251baebb5c8a1dc\" value=\"\" type=\"text\" id=\"gwolle_gb_ee38ff4bf55f01b3e251baebb5c8a1dc-1\" name=\"gwolle_gb_ee38ff4bf55f01b3e251baebb5c8a1dc\" required \/><\/div>\n\t\t\t\t<div class=\"clearBoth\">&nbsp;<\/div>\n\t\t\t<\/div><div class=\"gwolle_gb_1651433c70e440166e7d57ec7d87eb3b\">\n\t\t\t\t\t<div class=\"label\"><label for=\"gwolle_gb_1651433c70e440166e7d57ec7d87eb3b-1\" class=\"text-info\">Stadt<\/label><\/div>\n\t\t\t\t\t<div class=\"input\"><input class=\"wp-exclude-emoji gwolle_gb_1651433c70e440166e7d57ec7d87eb3b\" value=\"\" type=\"text\" id=\"gwolle_gb_1651433c70e440166e7d57ec7d87eb3b-1\" name=\"gwolle_gb_1651433c70e440166e7d57ec7d87eb3b\" \/><\/div>\n\t\t\t\t\t<div class=\"clearBoth\">&nbsp;<\/div>\n\t\t\t\t<\/div><div class=\"gwolle_gb_0ba7ae88d44812bac6f1f4354af2c136\">\n\t\t\t\t<div class=\"label\"><label for=\"gwolle_gb_0ba7ae88d44812bac6f1f4354af2c136-1\" class=\"text-info\">E-Mail <span class=\"required\">*<\/span><\/label><\/div>\n\t\t\t\t<div class=\"input\"><input class=\"gwolle_gb_0ba7ae88d44812bac6f1f4354af2c136\" value=\"\" type=\"email\" id=\"gwolle_gb_0ba7ae88d44812bac6f1f4354af2c136-1\" name=\"gwolle_gb_0ba7ae88d44812bac6f1f4354af2c136\" required \/><\/div>\n\t\t\t\t<div class=\"clearBoth\">&nbsp;<\/div>\n\t\t\t<\/div><div class=\"gwolle_gb_18a75349c1761d9ad551a510305c4651\">\n\t\t\t\t<div class=\"label\"><label for=\"gwolle_gb_18a75349c1761d9ad551a510305c4651-1\" class=\"text-info\">Website<\/label><\/div>\n\t\t\t\t<div class=\"input\"><input class=\"gwolle_gb_18a75349c1761d9ad551a510305c4651\" value=\"\" type=\"url\" id=\"gwolle_gb_18a75349c1761d9ad551a510305c4651-1\" name=\"gwolle_gb_18a75349c1761d9ad551a510305c4651\" \/><\/div>\n\t\t\t\t<div class=\"clearBoth\">&nbsp;<\/div>\n\t\t\t<\/div>\n\t\t\t<div class=\"gwolle_gb_034e1f054068c04f65cd4943a31653bb\" style=\"display:none;overflow:hidden;\" hidden=\"true\" aria-hidden=\"true\">\n\t\t\t\t<div class=\"label\">\n\t\t\t\t\t<label for=\"gwolle_gb_034e1f054068c04f65cd4943a31653bb-1\" class=\"text-primary\">Hier nichts eingeben<\/label>\n\t\t\t\t\t<label for=\"gwolle_gb_cb53297f52053904d17601b995669a88-1\" class=\"text-primary\">Hier nichts eingeben<\/label>\n\t\t\t\t<\/div>\n\t\t\t\t<div class=\"input\">\n\t\t\t\t\t<input value=\"17\" type=\"text\" id=\"gwolle_gb_034e1f054068c04f65cd4943a31653bb-1\" name=\"gwolle_gb_034e1f054068c04f65cd4943a31653bb\" class=\"gwolle_gb_034e1f054068c04f65cd4943a31653bb\" style=\"transform: translateY(10000px);\" \/>\n\t\t\t\t\t<input value=\"\" type=\"text\" name=\"gwolle_gb_cb53297f52053904d17601b995669a88\" id=\"gwolle_gb_cb53297f52053904d17601b995669a88-1\" class=\"gwolle_gb_cb53297f52053904d17601b995669a88\" style=\"transform: translateY(10000px);\" \/>\n\t\t\t\t<\/div>\n\t\t\t\t<div class=\"clearBoth\"><\/div>\n\t\t\t<\/div>\n\t\t\t<div class=\"gwolle_gb_aba43fce148b25ba9f379b890e851017\" style=\"display:none;overflow:hidden;\" hidden=\"true\" aria-hidden=\"true\">\n\t\t\t\t<div class=\"label\">\n\t\t\t\t\t<label for=\"gwolle_gb_aba43fce148b25ba9f379b890e851017-1\" class=\"text-primary\">Hier nichts eingeben<\/label>\n\t\t\t\t\t<label for=\"gwolle_gb_63d94e48ce5ee358ae93cdec47ce3104-1\" class=\"text-primary\">Hier nichts eingeben<\/label>\n\t\t\t\t<\/div>\n\t\t\t\t<div class=\"input\">\n\t\t\t\t\t<input value=\"11866\" type=\"text\" id=\"gwolle_gb_aba43fce148b25ba9f379b890e851017-1\" name=\"gwolle_gb_aba43fce148b25ba9f379b890e851017\" class=\"gwolle_gb_aba43fce148b25ba9f379b890e851017\" style=\"transform: translateY(10000px);\" \/>\n\t\t\t\t\t<input value=\"11866\" type=\"text\"id=\"gwolle_gb_63d94e48ce5ee358ae93cdec47ce3104-1\" name=\"gwolle_gb_63d94e48ce5ee358ae93cdec47ce3104\" class=\"gwolle_gb_63d94e48ce5ee358ae93cdec47ce3104\" style=\"transform: translateY(10000px);\" \/>\n\t\t\t\t<\/div>\n\t\t\t\t<div class=\"clearBoth\"><\/div>\n\t\t\t<\/div><div class=\"gwolle_gb_content\">\n\t\t\t\t<div class=\"label\"><label for=\"gwolle_gb_content-1\" class=\"text-info\">G\u00e4stebucheintrag <span class=\"required\">*<\/span><\/label><\/div>\n\t\t\t\t<div class=\"input\"><textarea id=\"gwolle_gb_content-1\" name=\"gwolle_gb_content\" class=\"gwolle_gb_content wp-exclude-emoji\" required ><\/textarea><\/div>\n\t\t\t\t\t<div class=\"clearBoth\">&nbsp;<\/div>\n\t\t\t\t<\/div><input type=\"hidden\" class=\"gwolle_gb_a2c31288be51d6ffba8048ac67fb6368\" id=\"gwolle_gb_a2c31288be51d6ffba8048ac67fb6368-1\" name=\"gwolle_gb_a2c31288be51d6ffba8048ac67fb6368\" value=\"db62146ede\" \/>\n\t\t\t<div class=\"gwolle-gb-messages-bottom-container\"><\/div>\n\n\t\t\t<noscript><div class=\"no-js\">Warnung: Dieses Formular kann nur verwendet werden, wenn in deinem Browser JavaScript aktiviert ist.<\/div><\/noscript>\n\n\t\t\t<div class=\"gwolle_gb_submit gwolle-gb-submit\">\n\t\t\t\t<div class=\"label gwolle-gb-invisible text-muted\">&nbsp;<\/div>\n\t\t\t\t<div class=\"input\">\n\t\t\t\t\t<input type=\"submit\" name=\"gwolle_gb_submit\" class=\"gwolle_gb_submit button btn btn-primary \" value=\"Absenden\" \/>\n\t\t\t\t\t<span class=\"gwolle_gb_submit_ajax_icon gwolle-gb-submit-ajax-icon\"><\/span>\n\t\t\t\n\t\t\t\t<\/div>\n\t\t\t\t<div class=\"clearBoth\">&nbsp;<\/div>\n\t\t\t<\/div>\n\n\t\t\t<div class=\"gwolle_gb_notice gwolle-gb-notice\">\n\t\t\t\t<br \/>\nMit * gekennzeichnete Felder sind erforderlich.<br \/>\nDeine E-Mail-Adresse wird nicht ver\u00f6ffentlicht.<br \/>\nEs ist m\u00f6glich, dass dein Eintrag im G\u00e4stebuch erst sichtbar ist, nachdem wir ihn \u00fcberpr\u00fcft haben.<br \/>\nWir behalten uns vor, Eintr\u00e4ge zu bearbeiten, zu l\u00f6schen oder nicht zu ver\u00f6ffentlichen.<br \/>\n\n\t\t\t<\/div><\/form><div class=\"gwolle-gb-read gwolle-gb-ajax gwolle-gb-entries-list\" data-book_id=\"1\" data-page_id=\"1\">\n\t\t<div id=\"gwolle-gb-total\" class=\"gwolle-gb-total\">1 Eintrag<\/div><!-- Gwolle-GB Entry: Default Template Loaded -->\n\t\t\t\t<div class=\"gb-entry gb-entry_1 gb-entry-count_1 gwolle-gb-uneven gwolle-gb-first\" id=\"gb-entry_1\" data-entry_id=\"1\">\n\t\t\t\t<article>\n\t\t\t\t\t<div class=\"gb-author-info\">\n\t\t\t\t\t\t<span class=\"gb-author-avatar\"><img referrerpolicy=\"no-referrer\" alt='Marc' src='https:\/\/secure.gravatar.com\/avatar\/f281a2ae7e29951ef8456c7440bcd81f0c77361c9d563dd77c1b34e64b79e30a?s=32&#038;d=mm&#038;r=g' srcset='https:\/\/secure.gravatar.com\/avatar\/f281a2ae7e29951ef8456c7440bcd81f0c77361c9d563dd77c1b34e64b79e30a?s=64&#038;d=mm&#038;r=g 2x' class='avatar avatar-32 photo' height='32' width='32' \/><\/span>\n\t\t\t\t\t\t<span class=\"gb-author-name\"><a href=\"http:\/\/www.marc-hofherr.de\" target=\"_blank\" rel=\"nofollow noopener noreferrer\"\n\t\t\t\t\t\t\ttitle=\"Besuche die Website von Marc: http:\/\/www.marc-hofherr.de\"><i class=\"gb-moderator\">Marc<\/i><\/a>\n\t\t\t\t\t\t<\/span>\n\t\t\t\t\t\t<span class=\"gb-author-origin\">\n\t\t\t\t\t\t\t<span class=\"gb-author-origin-from-text\"> aus<\/span>\n\t\t\t\t\t\t\t<span class=\"gb-author-origin-text\"> M\u00fcnchen<\/span>\n\t\t\t\t\t\t<\/span>\n\t\t\t\t\t\t<span class=\"gb-datetime\">\n\t\t\t\t\t\t\t<span class=\"gb-date\"><span class=\"gb-date-wrote-text\"> schrieb am<\/span><span class=\"gb-date-text\"> 9. Mai 2018<\/span>\n\t\t\t\t\t\t\t<\/span><span class=\"gb-time\">\n\t\t\t\t\t\t\t\t\t<span class=\"gb-time-at-text\"> um<\/span>\n\t\t\t\t\t\t\t\t\t<span class=\"gb-time-text\"> 09:55<\/span>\n\t\t\t\t\t\t\t\t<\/span>\n\t\t\t\t\t\t<\/span> \n\t\t\t\t\t<\/div>\n\t\t\t\t\t<div class=\"gb-entry-content\">Das G\u00e4stebuch ist wieder online! \ud83d\ude03\n\t\t\t\t\t<\/div>\n\t\t\t\t<\/article>\n\t\t\t<\/div>\n\t\t\t<\/div><\/div>\n","protected":false},"excerpt":{"rendered":" <a class=\"more-link\" href=\"http:\/\/hofherrm.de\/feldbahn\/?page_id=434\"><span class=\"more-msg\">Weiterlesen &rarr;<\/span><\/a>","protected":false},"author":1,"featured_media":0,"parent":0,"menu_order":0,"comment_status":"closed","ping_status":"closed","template":"","meta":{"footnotes":""},"class_list":["post-434","page","type-page","status-publish","hentry"],"_links":{"self":[{"href":"http:\/\/hofherrm.de\/feldbahn\/index.php?rest_route=\/wp\/v2\/pages\/434","targetHints":{"allow":["GET"]}}],"collection":[{"href":"http:\/\/hofherrm.de\/feldbahn\/index.php?rest_route=\/wp\/v2\/pages"}],"about":[{"href":"http:\/\/hofherrm.de\/feldbahn\/index.php?rest_route=\/wp\/v2\/types\/page"}],"author":[{"embeddable":true,"href":"http:\/\/hofherrm.de\/feldbahn\/index.php?rest_route=\/wp\/v2\/users\/1"}],"replies":[{"embeddable":true,"href":"http:\/\/hofherrm.de\/feldbahn\/index.php?rest_route=%2Fwp%2Fv2%2Fcomments&post=434"}],"version-history":[{"count":1,"href":"http:\/\/hofherrm.de\/feldbahn\/index.php?rest_route=\/wp\/v2\/pages\/434\/revisions"}],"predecessor-version":[{"id":435,"href":"http:\/\/hofherrm.de\/feldbahn\/index.php?rest_route=\/wp\/v2\/pages\/434\/revisions\/435"}],"wp:attachment":[{"href":"http:\/\/hofherrm.de\/feldbahn\/index.php?rest_route=%2Fwp%2Fv2%2Fmedia&parent=434"}],"curies":[{"name":"wp","href":"https:\/\/api.w.org\/{rel}","templated":true}]}}